114*f + w*f + 24. Let u(h) = h**2 - 6*h - 2. Give u(f).
-2
Suppose 12*n - 17*n + 80 = -3*x, x = 2*n - 33. Suppose n*m + 52 = 6*m. Let d(f) = -7*f + 3. Determine d(m).
31
Suppose -5*b - 5*g - 1 = 4, 2*g + 6 = 2*b. Let y be 7 - b*(1 - -4). Let z be 2/(32/12 - y). Let m(j) = -3*j. Give m(z).
-9
Let y(n) = -n**3 - 15*n**2 + 42*n + 141. Suppose 5*c + 85 = 4*x, 3*c - 2*x + 51 = -5*x. Give y(c).
5
Let b(w) be the second derivative of w**4/12 - 31*w**3/6 + w**2 - 1340*w. Give b(31).
2
Let l(q) = 4*q - 5*q + 0 - 2. Suppose -1602*c + 32 = -1601*c + 5*z, z = -3*c - 2. Determine l(c).
1
Let t(a) be the first derivative of -6*a**2 - 12*a + 1/3*a**3 - 63. Calculate t(13).
1
Let l(v) be the third derivative of -v**4/6 - 4*v**3/3 + 689*v**2. Calculate l(4).
-24
Suppose 3*a - 5*f + 43 = 5*a, 5*a = 3*f + 30. Let c(n) = -121*n**2 + 555*n**2 + 2*n - 115*n**2 - 109*n**2 - 201*n**2 - 2 - n**3. Calculate c(a).
16
Suppose -114*v + 95*v = -16 - 79. Let i(s) be the third derivative of -s**6/120 + s**5/15 + s**4/6 + 7*s**3/6 - 5*s**2. Give i(v).
2
Let f(o) = -3*o - 3*o - 2 + 3*o. Suppose -19*w + 33*w - 56 = 0. Suppose w*q = 4*k - k - 26, 5*q + 5*k = -15. Determine f(q).
13
Let w = 12602 - 12605. Let p(z) = 2*z**3 + z**2 - 11*z - 26. Give p(w).
-38
Let g(d) = -5*d**2 + 9*d + 1. Let u(s) = 14*s**2 - 26*s - 2. Let i(k) = 17*g(k) + 6*u(k). Let v(t) = -243*t + 3161. Let o be v(13). What is i(o)?
-5
Let u(t) be the third derivative of t**7/2520 + t**6/80 + t**5/12 + t**4/4 + 38*t**2. Let x(f) be the second derivative of u(f). Give x(-7).
-4
Let c(k) = 16*k**2 + 2. Let l(r) = -15*r**2 - 69*r - 5. Let w(b) = c(b) + l(b). Calculate w(69).
-3
Let u(j) = -64 + 20*j**2 - 61*j**2 - 6*j + 22*j**2 + 20*j**2. Calculate u(-6).
8
Let m = 322 - 319. Let s(i) = -3*i**2 - 15*i**3 + 29*i**m - 15*i**3 + i + 2*i**2 + i. Calculate s(2).
-8
Let w be 0 + (-1 - -2) - 6. Let a(z) be the first derivative of -5*z**3/6 - z**2 + 99*z + 136. Let j(l) be the first derivative of a(l). Calculate j(w).
23
Let f be (9/(-2))/((-1)/26). Let n = f + -114. Let m be (1 - (n - 2))/2. Let v(b) = b**2 - b - 12. Give v(m).
-12
Let p(j) = -11*j**3 - 29*j**2 + 27*j + 30. Let o(u) = 7*u**3 + 19*u**2 - 18*u - 20. Let x(r) = -8*o(r) - 5*p(r). Suppose 0 = -m - 8. Calculate x(m).
2
Let q = -27761 + 27764. Let b(c) = -2*c**3 + 7*c**2 + 3*c - 4. What is b(q)?
14
Suppose -2*a + 0 = -3*m + 3, 5*a + 4*m = 27. Let d(l) = -4*l**2 - 3*l + 15. Let p(k) = -5*k**2 - 2*k + 16. Let j(h) = a*p(h) - 4*d(h). Determine j(-9).
15
Let b(p) be the second derivative of p**3/6 + 5*p**2/2 - 3*p. Let a be (-16*1)/(-4) - 4. Suppose 3*z = 18 - a. Give b(z).
11
Suppose 0 = o + 4*o - 65. Let z = o + -7. Suppose -v - z = -8. Let r(f) = -f**3 + 3*f**2 - 4*f + 3. Calculate r(v).
-1
Let l(p) = p**2 + 3. Let g = 17 - 14. Let o be g*4/(-6)*(-2 + 3). Let x be ((-48)/4 + 4)/o. Calculate l(x).
19
Let h(a) = -a**3 + 12*a**2 + 3*a + 8. Let g = 1071 - 1059. Give h(g).
44
Let r(k) be the third derivative of k**6/72 - k**5/120 - k**4/24 + 23*k**3/3 - 33*k**2. Let w(g) be the first derivative of r(g). What is w(2)?
17
Let m(t) = t**2 + 1. Let x be m(-2). Suppose -2 = a - 2*g, x = 2*g + 1. Let v(d) = 4*d**a - 284*d - 5*d**2 + 2 + 281*d. Determine v(-3).
2
Let j be 2/4*(-24 - -22). Let d be -4 - (3/j - 3). Let z(t) = 0 + 0*t + 3*t**2 + 1 - d*t**2 + 3*t. What is z(-4)?
5
Let r(l) = -l**2 - 11*l - 2. Let c(a) = 148*a**2 - 449*a + 7. Let k be c(3). What is r(k)?
22
Let l(w) = 61 + 39*w + 42*w - 52*w + w**3 + 28*w**2. Let z be l(-27). Let k(o) be the first derivative of o**4/4 - 8*o**3/3 + 4*o**2 - 8*o - 8. Calculate k(z).
-1
Let t(v) = 2*v. Let c(d) = -d. Let u(k) = 5*c(k) + 3*t(k). Suppose -2*o - 3*g = -0*g + 5, 25 = 5*o - 5*g. What is u(o)?
2
Suppose -18 = 5*m + 2. Let i = 196 + -192. Let v(k) = -k**3 + k - 11 - 4*k - 12 - i*k**2 + 18. Determine v(m).
7
Let m(k) be the second derivative of 2*k**3/3 - 29*k**2/2 + 58*k + 11. Determine m(19).
47
Let d(t) = 91653 - 45818 - 45826 - 6*t. Calculate d(2).
-3
Let f(n) = n**2 - 10*n + 9. Let x(q) = -q**3 - 2*q**2 + 9*q - 5. Let t be x(-4). Let z be 12 - -1 - 3*(-12)/t. Give f(z).
0
Let b(q) = 540*q**2 - 4 - 2 + 3*q + q**3 - 1087*q**2 + 0 + 543*q**2. Give b(3).
-6
Suppose 0 = g - 3*u - u, -5*g + 4*u = 0. Let c(k) = -9*k - 16. Let l be c(-2). Let b(t) = 1 - 9 + 23*t**l - 3 + 0 - 24*t**2. Determine b(g).
-11
Let d be (4 + 40/4)*(-10)/(-7). Let z be d/6*(3 - 18/12). Let w(f) = -f**2 + 4*f - 7. Determine w(z).
-12
Let b(u) = -u**3 + 9*u**2 - 8*u + 2. Let s = 5791 - 5783. Determine b(s).
2
Let o(f) = 17 - 7106*f + 14205*f - 7115*f. Determine o(7).
-95
Let s(g) = 2132*g**3 + 18*g**2 - 16*g + 2156*g**3 - 4287*g**3 + 12. Determine s(-19).
-45
Let r = 133 - 132. Let j(x) = -2*x**3 - x. What is j(r)?
-3
Let m(a) = -2*a. Let d be 24 + 4 + 1 + -3. Let f(j) = j**2 - 24*j - 48. Let x be f(d). Calculate m(x).
-8
Let m(a) be the first derivative of 9*a**2/2 - 9*a + 5712. Calculate m(-4).
-45
Suppose 237 - 228 = -w. Let u(p) = -p**2 - 13*p - 11. Give u(w).
25
Let m(c) = -4*c**2 - 2890*c - 3. Let q(x) = 7*x**2 + 4817*x + 5. Let v(k) = 5*m(k) + 3*q(k). Let t be 5/7 + (-2)/(-7). Calculate v(t).
2
Let y(s) = 30*s + 1. Suppose -200 + 164 = -4*r - 4*k, 0 = 3*r + 2*k - 19. What is y(r)?
31
Let s = 127 + -126. Let p(k) = s + 11*k + 11*k - 23*k. Suppose -8 = 2*y + 4*o - 32, -3*o + 9 = -3*y. Calculate p(y).
-1
Let k(s) be the second derivative of -27*s**5/20 + s**4/12 + s**3/6 - s**2/2 + 1518*s. Determine k(1).
-26
Let w(r) = r**3 + 7*r**2 + r + 165. Let u be w(-9). Let q(z) = -z**3 - 4*z**2 + 16*z + 13. Determine q(u).
-11
Let z(q) be the second derivative of -q**5/20 - 7*q**4/12 - q**3 - 5*q**2 - 5*q + 7. What is z(-6)?
-10
Let f(w) be the second derivative of w**7/2520 - w**6/720 + 19*w**4/3 - 5*w + 2. Let u(h) be the third derivative of f(h). Determine u(3).
6
Let c(z) = -3*z**3 + 19*z**2 - z - 5. Let l(h) = -7*h**3 + 42*h**2 - 2*h - 12. Let d(t) = -9*c(t) + 4*l(t). Determine d(-3).
-6
Let q(a) = 239 - a + 48*a - 5*a - 26. Give q(-5).
3
Let i(l) = l**3 + 3*l**2 + 5*l + 10. Let w(x) = -x**2 + 4*x - 6. Let h be w(1). Give i(h).
-5
Let x be 2 + 20/(-16) + (-153)/(-36). Let h = 17 - 24. Let r(b) = b**2 + 4*b - 14. Let m(i) = -i**2 - 3*i + 13. Let f(s) = h*m(s) - 6*r(s). What is f(x)?
3
Let i(s) = 4748 - 4715 + s + 2*s. What is i(-8)?
9
Let m(j) = 14*j - 1. Let f = -133 - -161. Suppose -29 = -l - f. Calculate m(l).
13
Let v(s) = s**3 + 8*s**2 - s - 9. Suppose 4*t - 35 = -5*p, 4*p + t = 10 + 7. Let c be 1*(-66)/8 + p/12. Calculate v(c).
-1
Let l(u) = u**2 - 3*u + 4. Let y be l(3). Let d(r) = 76261 - 53*r + r**2 + 49*r - 76266. Calculate d(y).
-5
Let l(o) = o**2 + 12*o - 5. Let d be (-12)/(-3) - (-142)/(-6 - -7). Let r = 135 - d. Calculate l(r).
-16
Let b(h) = 20*h + 20*h + 2 - h**2 - 50*h + 15*h. Let j(d) = -d + 2. Let a(v) = -b(v) + 3*j(v). Give a(9).
13
Let x(l) = -100*l**3 - 39*l + 43*l + 18 + 18*l**2 + 101*l**3. Let c(q) = 2*q**3 + 37*q**2 + 7*q + 35. Let p(h) = 3*c(h) - 5*x(h). Determine p(-21).
-6
Let j be ((-1)/2)/(-1 + (-30)/(-36)). Let a be (-45)/20*8/j. Let o(y) = y + 6. Give o(a).
0
Let o(b) = -17*b**2 + 5*b + 1. Let k be o(-1). Let i = -21 - k. Let u(z) = -z**2 - 16. Calculate u(i).
-16
Let v(q) = -5*q - 24 + 8*q - 6*q + q. Let b be v(-7). Let h(a) = -3*a**3 + 11*a**2 + 6*a + 4. Let z(g) = g**3 + g. Let x(m) = h(m) + 4*z(m). What is x(b)?
4
Let h(x) = -3*x**2 + 6*x - 4. Let m(d) be the third derivative of d**6/120 - 2*d**5/15 + 7*d**4/12 - 4*d**3/3 - 31*d**2. Let u be m(6). What is h(u)?
-28
Let m(d) = d**2 + 9*d + 9. Let l = -14454 + 14546. Let n be (-86)/3*(-3)/1. Let h = n - l. What is m(h)?
-9
Let p(l) = -l + 26. Suppose 0 = -13*k + 95 + 50 + 11. Give p(k).
14
Suppose 0 = -4*h + 5*c - 17, -5*h = -8*h + 4*c - 14. Let s(u) = -17*u**2 - 5 - u**3 + 24*u**h - 2*u - 11*u**2 + 0*u. Let y be 2/(-6) - 22/6. What is s(y)?
3
Let m(p) = 126*p - 19 + 20 - 13*p**2 - 123*p + 15*p**2. Let t = -62 - -60. Give m(t).
3
Suppose 16*u = -50*u. Let t(m) be the first derivative of m**3 - 1/4*m**4 + u*m**2 - m - 15. What is t(3)?
-1
Let u(q) = 3*q**2 - 7*q - 43 - q**3 - 42 - 10*q**2 + 8*q + 90. Suppose 0 = -o - 4*s - 3 - 16, 4*o - 3*s + 19 = 0. Give u(o).
-2
Let s(q) = q - 2. Let j(g) = g + 4*g + g - 10 - 5*g - 5*g. Let p(i) = -i**2 + 21*i - 3. Let x be p(21). L